{"id":4657,"date":"2025-06-23T16:35:11","date_gmt":"2025-06-23T16:35:11","guid":{"rendered":"https:\/\/pcfarmamobile.pt\/index.php\/produto\/porta-chaves-de-protecao-cool-compativel-com-airtag-couro-vermelho\/"},"modified":"2025-06-23T16:35:17","modified_gmt":"2025-06-23T16:35:17","slug":"porta-chaves-de-protecao-cool-compativel-com-airtag-couro-vermelho","status":"publish","type":"product","link":"https:\/\/pcfarmamobile.pt\/index.php\/produto\/porta-chaves-de-protecao-cool-compativel-com-airtag-couro-vermelho\/","title":{"rendered":"Porta-chaves de prote\u00e7\u00e3o COOL compat\u00edvel com AirTag Couro Vermelho"},"content":{"rendered":"<p><iframe title=\"Apple Airtag qu\u00e9 es y mejores fundas!\" width=\"800\" height=\"450\" src=\"https:\/\/www.youtube.com\/embed\/R7OxSeMyk_Y?feature=oembed\" frameborder=\"0\" allow=\"accelerometer; autoplay; clipboard-write; encrypted-media; gyroscope; picture-in-picture; web-share\" referrerpolicy=\"strict-origin-when-cross-origin\" allowfullscreen><\/iframe><\/p>\n<h4>Porta-chaves para AirTag em couro sint&eacute;tico, protetor de dispositivo. Marca COOL.<\/h4>\n<p>Perfeito para proteger seu AirTag de choques ou arranh&otilde;es, reduzindo o risco de quebrar. Com anel para usar como chaveiro e transportar com as suas chaves e localiz&aacute;-las em caso de extravio atrav&eacute;s do aviso no seu smartphone.<\/p>\n<p>Voc&ecirc; tamb&eacute;m pode prend&ecirc;-lo na guia do seu animal de estima&ccedil;&atilde;o ou deix&aacute;-lo em uma &aacute;rea ao lado de um item que voc&ecirc; precise usar mais tarde. Ele pode ser usado como um localizador e lembrete para estacionar seu carro em um estacionamento.<\/p>\n<p>Possui um fecho de clipe ultra-seguro, para evitar que o AirTag caia ao solo.<\/p>\n","protected":false},"excerpt":{"rendered":"<p>https:\/\/www.youtube.com\/watch?v=R7OxSeMyk_Y<\/p>\n<h4>Porta-chaves para AirTag em couro sint&eacute;tico, protetor de dispositivo. Marca COOL.<\/h4>\n<p>Perfeito para proteger seu AirTag de choques ou arranh&otilde;es, reduzindo o risco de quebrar. Com anel para usar como chaveiro e transportar com as suas chaves e localiz&aacute;-las em caso de extravio atrav&eacute;s do aviso no seu smartphone.<\/p>\n<p>Voc&ecirc; tamb&eacute;m pode prend&ecirc;-lo na guia do seu animal de estima&ccedil;&atilde;o ou deix&aacute;-lo em uma &aacute;rea ao lado de um item que voc&ecirc; precise usar mais tarde. Ele pode ser usado como um localizador e lembrete para estacionar seu carro em um estacionamento.<\/p>\n<p>Possui um fecho de clipe ultra-seguro, para evitar que o AirTag caia ao solo.<\/p>\n","protected":false},"featured_media":4656,"template":"","meta":[],"product_brand":[],"product_cat":[55],"product_tag":[],"class_list":{"0":"post-4657","1":"product","2":"type-product","3":"status-publish","4":"has-post-thumbnail","6":"product_cat-universal-capas-para-telemoveis","8":"first","9":"instock","10":"taxable","11":"shipping-taxable","12":"product-type-simple"},"_links":{"self":[{"href":"https:\/\/pcfarmamobile.pt\/index.php\/wp-json\/wp\/v2\/product\/4657","targetHints":{"allow":["GET"]}}],"collection":[{"href":"https:\/\/pcfarmamobile.pt\/index.php\/wp-json\/wp\/v2\/product"}],"about":[{"href":"https:\/\/pcfarmamobile.pt\/index.php\/wp-json\/wp\/v2\/types\/product"}],"wp:featuredmedia":[{"embeddable":true,"href":"https:\/\/pcfarmamobile.pt\/index.php\/wp-json\/wp\/v2\/media\/4656"}],"wp:attachment":[{"href":"https:\/\/pcfarmamobile.pt\/index.php\/wp-json\/wp\/v2\/media?parent=4657"}],"wp:term":[{"taxonomy":"product_brand","embeddable":true,"href":"https:\/\/pcfarmamobile.pt\/index.php\/wp-json\/wp\/v2\/product_brand?post=4657"},{"taxonomy":"product_cat","embeddable":true,"href":"https:\/\/pcfarmamobile.pt\/index.php\/wp-json\/wp\/v2\/product_cat?post=4657"},{"taxonomy":"product_tag","embeddable":true,"href":"https:\/\/pcfarmamobile.pt\/index.php\/wp-json\/wp\/v2\/product_tag?post=4657"}],"curies":[{"name":"wp","href":"https:\/\/api.w.org\/{rel}","templated":true}]}}